-14*w - 16. What is the units digit of g(z)?
0
Let c(m) = -1563*m**3 - 9*m**2 - 5*m + 4. What is the hundreds digit of c(-1)?
5
Let b = 9065 - 7576. What is the tens digit of b?
8
Let q(u) = 44*u**2 + 3*u + 2. Let c be q(-1). Suppose 0 = 5*s + z - 6897, -c = 2*s - 2*z - 2797. What is the hundreds digit of s?
3
Suppose -4*l - l = -4*k - 15, 0 = -3*k + 5*l - 15. Suppose 3*z + 51 = 3*h, k = -5*h + 4*z + 68 + 13. Let g = h + -12. What is the units digit of g?
1
Let h be 12/15 + 26982/(-15) + 1. Let j = -753 - h. What is the tens digit of j?
4
Suppose 2*u = 23*y - 25*y + 43360, 2*y + 43328 = 2*u. What is the hundreds digit of u?
6
Let r(k) = -k**3 + 2*k**2 + 3*k - 2. Let w be r(-2). Suppose 0 = w*d - 0*d - 2248. What is the units digit of d?
1
Suppose 2*p = -g + 396, -4*p = g - p - 397. Suppose 0 = -13*k + g + 1205. What is the units digit of k?
3
Suppose 61*y - 14*y - 229078 = 0. What is the units digit of y?
4
What is the hundreds digit of 10/(-2) - 803160/(-184)?
3
Let v be (9/5)/(1/10). Let n be 24/v*(-6)/(-4). What is the tens digit of 87 - n/((-6)/9)?
9
Let x = -131 - -239. Let s(p) = -15*p + 668. Let h be s(37). Suppose -j + h + x = 0. What is the units digit of j?
1
Suppose -2384*r + 2385*r - 24386 = 2*j, -2*r - 2*j + 48778 = 0. What is the hundreds digit of r?
3
Suppose -1226*g - 562025 = -1251*g. What is the ten thousands digit of g?
2
Let c(i) = i**2 - 242*i + 6. What is the hundreds digit of c(-62)?
8
Let f be ((-5)/3 + 1)/(18/(-81)). Suppose f*b - 5*a + 11 = 0, a = 4*b - 2 - 6. Suppose -27 = b*n - 687. What is the hundreds digit of n?
2
Let h be 465/2 - (-4 + (-33)/(-6)). Let s = h - 151. What is the tens digit of s?
8
What is the thousands digit of (-9594)/(-27)*30 + 14?
0
Let b(k) = -k**3 + 5*k**2 + 11*k + 43. Let s be b(11). Let z = s - -1035. What is the tens digit of z?
7
Let l(i) = 1600*i + 3760. What is the ten thousands digit of l(24)?
4
What is the tens digit of ((-109870)/(-8) - -2) + (-2105)/(-1684)?
3
Let u = 2 - -1. Let r be 1 + 3 - (u - -44). Let g = 50 + r. What is the units digit of g?
7
Suppose 0 = 26*i - 22*i - 4*y + 24140, 0 = 5*i + 4*y + 30184. What is the hundreds digit of 6/(-45) - (4 + i/45)?
1
Let t(v) = 4*v - 90. Let r be t(23). Suppose r*i + 3*a - 901 = 0, 450 = i - 0*a + 2*a. What is the tens digit of i?
5
Let h(i) = -i**3 + 3*i**2 + 5*i + 1. Let p be h(4). Suppose 1150 = p*o - 0*o. Suppose 325 = 5*c - o. What is the tens digit of c?
1
Let y = 123318 + -66700. What is the hundreds digit of y?
6
Suppose 4*a - 5 = 11. Let i(f) = 65*f - 1688. Let g be i(26). Suppose a*o = -5*v + g*v + 249, -355 = -5*o + 5*v. What is the units digit of o?
6
Let w = -44248 - -92563. What is the hundreds digit of w?
3
Let v = -5 + 5. Suppose -2*w + 4*f = -70, -5*w + 5*f = -v*w - 190. What is the units digit of w?
1
Let i(z) = -187*z**2 + z + 1. Let c = 52 - 53. Let j be i(c). Let u = j + 295. What is the hundreds digit of u?
1
Let v = -83 - -49. Let r = 24 + -48. What is the units digit of (r/(-7))/(v/(-833))?
4
Suppose 35901 + 41219 = 10*y. What is the units digit of y?
2
Suppose 439*w - 440*w = 4*n - 10621, -4*w + 42399 = -n. What is the units digit of w?
1
Suppose 3*x = 3*w + 17487, 179*x - 23318 = 175*x + 3*w. What is the tens digit of x?
3
Let c(r) = 243*r**2 + 8*r - 3. What is the hundreds digit of c(-9)?
6
Let u(r) = -38. Let f(p) = p. Let x(g) = 4*f(g) - u(g). Let j be x(-9). Suppose j*i - 2 - 2 = 0, 3*d + 2*i - 460 = 0. What is the hundreds digit of d?
1
Suppose 0 = -4*a + 2*j + 4 - 6, 5*a + 2*j + 7 = 0. What is the tens digit of (2 + a)/((-1)/(-140))?
4
Suppose -5*g + 10*g = -40. Suppose 7*o - 6*o = 119. Let a = o - g. What is the hundreds digit of a?
1
Let p(s) = s**3 - 22*s**2 + 5*s + 34. Let b be p(24). Suppose -2*w + 2*f + b = -f, -3243 = -5*w + 2*f. What is the hundreds digit of w?
6
Let m(p) = 8*p**2 + 2*p - 34. Let i be m(-6). Suppose -w + 3*a - a = -i, -a = -5*w + 1237. What is the hundreds digit of w?
2
Let g(j) = 5381*j - 3293. What is the tens digit of g(12)?
7
Let m be 3 - 2/(-3)*(-1338)/(-4). Let t = 200 + m. What is the tens digit of t?
2
Suppose 0 = 72*f + 14*f - 560290. What is the hundreds digit of f?
5
Suppose 6*i - 5*i - 78 = 3*g, 4*g = 3*i - 109. What is the thousands digit of 7330/(-4)*20/g?
1
Let h = 901 + -899. Suppose -5*i + 925 = h*l, 3*i - 255 = -4*l + 1602. What is the hundreds digit of l?
4
Let r be (-6)/(-4 + 20664/5164). Let b be 1/(-2)*3 + r/(-6). Suppose 0 = 11*t - 643 - b. What is the units digit of t?
7
Suppose -5*v - 4*q = 18023 - 63779, 12 = -2*q. What is the thousands digit of v?
9
Suppose -22*l = 122023 - 868593. What is the ten thousands digit of l?
3
Let k(y) = -y + 5. Let p be k(-3). Let h(o) = 104*o + 12. What is the tens digit of h(p)?
4
Let d(a) be the first derivative of 3*a**2/2 - 12*a - 28. Let t be d(14). Suppose -i - 2*i = -t. What is the tens digit of i?
1
Let n = 25 - 29. Let z be 1*(0/n)/5. Suppose 2*q - 4 = z, -q + 145 = d + 4. What is the hundreds digit of d?
1
Suppose 0 = 14*i + 223*i - 6765404 + 2070197. What is the hundreds digit of i?
8
Let f be 186/27*108/24. Let h be 12/(-10)*(-20)/3. Let w = f + h. What is the tens digit of w?
3
Let b = 4800 - -11292. What is the hundreds digit of b?
0
Let l = 67 - 62. Suppose -79 = -l*t + 66. Suppose 0 = -t*d + 20*d + 1881. What is the hundreds digit of d?
2
Suppose -16 = 18*k - 10*k. Let f(q) = 354*q**2 - 16*q - 23. What is the hundreds digit of f(k)?
4
Suppose 217*z - 73*z + 47*z - 1189739 = 0. What is the units digit of z?
9
Suppose -v = 4*v + t - 2, 4*v - 3*t + 6 = 0. Suppose -3*r + 17 + 571 = v. Suppose -4*d + 98 = g, 5*d + r = 3*g - 81. What is the tens digit of g?
9
Suppose 2*b = -5*b - 413. Let x = 69 + b. Let l(q) = -q**3 + 11*q**2 - 9*q - 8. What is the units digit of l(x)?
2
Let t(i) = i**2 - i - 32. Let u = -120 + 111. What is the units digit of t(u)?
8
Suppose 30*c - 60180 = -3360. Let a = -1247 + c. What is the units digit of a?
7
Let d be 2*100/60*(-9)/(-10). Suppose -2*x = 5*o - 563, -d*o + 140 = x - 197. What is the units digit of o?
1
Suppose 0 = 2*v - 11 - 85. Let r = v + -43. Suppose r*x - 286 = 4. What is the units digit of x?
8
What is the hundreds digit of ((-27830)/33)/23*(-1302)/5?
5
Let g(z) = 2*z**3 - 18*z**2 + 9*z + 22. Suppose -2*q = -3*j + 2*j + 10, q + 11 = j. What is the tens digit of g(j)?
9
Let s(n) be the third derivative of -n**5/120 + n**4/2 + 2*n**3 - 18*n**2. Let c(j) be the first derivative of s(j). What is the units digit of c(5)?
7
Suppose 2*q - 69*m - 27378 = -72*m, m = -4*q + 54726. What is the units digit of q?
0
Let l(y) = -474*y + 1891. What is the thousands digit of l(-9)?
6
Let b(y) = 78*y**2 - 61*y - 2. What is the ten thousands digit of b(15)?
1
Suppose 1134*c - 1170*c = -211968. What is the units digit of c?
8
Let a(t) = 22*t**2 - 53*t - 368. What is the ten thousands digit of a(24)?
1
Suppose 26*o - 235080 = -14*o - 20*o. What is the thousands digit of o?
3
Let i = 32 + -21. Suppose 3462 = -8*j + i*j. What is the tens digit of j?
5
Let o = -52 - -110. Let l = -15 + o. Let i = 88 - l. What is the tens digit of i?
4
Let c = 749 + -736. Let x(j) = -j**3 - 4*j**2 - 2*j + 3. Let q be x(-3). Suppose q = 4*n + y - 73, -n = -5*y - 0*y - c. What is the tens digit of n?
1
Let v = 86 - 89. What is the units digit of -447*1/(0 + v)?
9
Let l = -155 - -250. Let i = 29 + 62. Let b = l - i. What is the units digit of b?
4
Let s be 3 - (167 - 4)*(-3 - -2). Let x = -34 - 76. Let z = x + s. What is the units digit of z?
6
Let t(j) = -j**3 - j + 5. Let a be t(0). Let s = -1415 + 2150. Suppose -55 = a*v - s. What is the units digit of v?
6
Let u be 40 - 44 - (-1)/((-1)/2691). What is the units digit of (-2*14/(-10))/((-11)/u)?
6
What is the tens digit of 70025 - 25/15*918/(-170)?
3
Suppose 0 = 3*u + 15, 31466 = 4*f + u - 4749. What is the thousands digit of f?
9
What is the units digit of ((-41500)/(14 - -6))/(1/(-10))?
0
What is the units digit of (4401/(-1))/(102/(-68))?
4
Let q be (-72)/(-324) + 40/(-18). What is the units digit of (1 + -41)/q*264/55?
6
Let i be 1*48/40*5/3. Suppose 16*y - i*y = 784. What is the units digit of y?
6
Let q(a) be the first derivative of 55*a**2 - 52*a + 59. What is the tens digit of q(3)?
7
Suppose -5*f + 3*f + 10 = 0. Suppose -10*j - 31 + 1361 = 0. Let g = 